(i). What is the highest common factor of p and 64?
8
Let m(s) = -s**3 - 20*s**2 + 44*s + 12. Let u be m(-22). Calculate the greatest common factor of u and 108.
12
Let x be 20 + (-12)/6 + 1. What is the highest common divisor of 2 and x?
1
Let n = 64 - 101. Let a = n - -74. Calculate the highest common factor of a and 185.
37
Suppose -9*b + 5*b = -596. Suppose 3*p = x + b, -153 = p - 4*p - 3*x. Calculate the highest common factor of p and 5.
5
Suppose -2*i + a + a + 78 = 0, 3*i + 3*a = 117. Let y be 2/8 + i/4. Let p = 2652 - 2632. Calculate the greatest common divisor of y and p.
10
Let b be (-90)/(-63)*(263 + 3). Calculate the greatest common divisor of b and 40.
20
Suppose -59 = 2*o + 3*q, -2*q + 137 = -5*o - 6*q. Let g = 36 + o. Calculate the greatest common divisor of g and 99.
11
Suppose -34*c - 132 = -37*c. Calculate the greatest common factor of 319 and c.
11
Suppose 2*u = -z - u + 30, -48 = -2*z - 3*u. Calculate the highest common divisor of z and 66.
6
Let v be (3 + (-28)/8)*-28. Suppose 0 = -5*t + 49 - v. Let k = t + 3. What is the highest common factor of k and 110?
10
Suppose 0 = -0*d + 2*d - 8. Suppose -d*u = -102 - 118. Calculate the greatest common factor of u and 22.
11
Let l(h) = -h**3 - 10*h**2 - 15*h - 24. Let k be l(-9). What is the highest common divisor of k and 1290?
30
Let b(v) = v**2 + 15*v - 54. Let f be b(6). What is the highest common factor of 9 and f?
9
Let s(h) = -h**3 + 16*h**2 - 54*h - 11. Let f be s(10). Calculate the highest common factor of 21 and f.
7
Suppose 323 = 4*w - 4*c + 55, -3*c + 3 = 0. Suppose 2*k - 177 = 5*k. Let n = -42 - k. Calculate the greatest common factor of n and w.
17
Let u(b) = 3*b + 28. Suppose 47 = -3*w + 23. Let z be u(w). Calculate the greatest common divisor of 2 and z.
2
Let y be 16 + (2 - (-5)/(-5)). Suppose 4 = k - y. What is the greatest common factor of 14 and k?
7
Let x = -39 - -41. Suppose 3*c - 167 - 77 = 2*j, -x*j = 2*c - 176. Let q = 0 + 12. What is the highest common factor of q and c?
12
Let m(g) = -6*g + 115. Let y be m(17). Calculate the greatest common factor of 832 and y.
13
Let r(k) = -k**3 - 2*k**2 + 7*k - 4. Let y be r(-4). Suppose y = -3*p - 2*a + 4*a + 65, 5*a - 102 = -4*p. What is the greatest common divisor of p and 253?
23
Let y = 7 - 4. Let q be ((-6)/(-4))/(y/56). What is the greatest common factor of 28 and q?
28
Let c(n) = -131*n - 242. Let h be c(-7). What is the greatest common divisor of h and 25?
25
Let v be (-44 - -42)*(-2)/((-4)/(-161)). Calculate the greatest common factor of 69 and v.
23
Suppose 4*a - 2*i + 177 = 3*i, -3*i + 91 = -2*a. Let j be (-1)/(-4 - -5)*a. What is the greatest common factor of 19 and j?
19
Suppose -5*l - g - 7 = 0, 3*l - 5*g = -2*l - 25. Let k(d) = 4*d**2 + 4*d - 3. Let j be k(l). What is the greatest common factor of j and 45?
5
Let s = -19 + 37. Let a be (-32 + 176)*(0 - -1). What is the highest common factor of s and a?
18
Let b(d) = -2*d + 30. Let i be b(15). Suppose 2*n + 55 - 367 = i. Calculate the highest common divisor of n and 12.
12
Suppose 26*s + 60 = 36*s. What is the greatest common factor of 249 and s?
3
Let f be (-6 - -5 - 4) + 11. What is the greatest common factor of 858 and f?
6
Let m = -57 + 174. What is the highest common factor of 9 and m?
9
Let r(j) = -j**3 - 3*j**2 + j + 9. Let k be r(-7). Suppose 0 = -5*i + 5 - 0, 4*i = -4*l + 156. Let w = l + -16. What is the highest common divisor of k and w?
22
Suppose 5*l = -4*d + 316, 132 = 3*d - 2*l - 82. Calculate the greatest common divisor of d and 148.
74
Let d(u) = -3*u**2 + 35*u - 14. Let v be d(7). Calculate the highest common divisor of v and 28.
28
Let c(u) be the third derivative of -u**5/60 - 5*u**4/24 - u**3/3 + 20*u**2. Let l be c(-4). Calculate the highest common divisor of l and 8.
2
Let z(d) = 2*d**3 - 4 - 5*d**2 + d - 2 - 5*d. Let q be z(5). Let x = -4 - -15. Calculate the greatest common factor of x and q.
11
Let k(b) be the second derivative of -5*b**3/2 + 51*b**2/2 - 15*b - 2. Let h be k(3). What is the highest common divisor of 21 and h?
3
Suppose 0 = 3*v + 6, q - 2*q - 2*v = 0. Suppose -10 = -2*z, 2*o + 21 = q*o - 3*z. Calculate the greatest common factor of 54 and o.
18
Suppose 364 = -4*f + 11*f. Suppose -2*h + 13 = -39. What is the greatest common factor of h and f?
26
Suppose -5*h + 223 = t, 2*h + 285 = 4*t - 497. Calculate the highest common divisor of t and 54.
18
Suppose 0 = -t - 5*t - 54. Let a be 6/(-4)*(1 + 35)/t. Calculate the highest common divisor of 18 and a.
6
Suppose -7*n + 127 = -6. Calculate the greatest common factor of 76 and n.
19
Let j = -586 + 1499. Calculate the highest common factor of 66 and j.
11
Let x be (-6)/4 - 2322/(-108). Calculate the greatest common divisor of x and 860.
20
Suppose 0 = -5*q - 10, 5*m - q - 65 = -53. What is the greatest common divisor of m and 74?
2
Let a = 130 + -49. Suppose 26 = -5*q + a. Let b(x) = -2*x**3 - 6*x**2 + 4*x - 3. Let p be b(-5). What is the greatest common divisor of p and q?
11
Let s be ((-3)/(-4))/((-9)/222)*-2. Suppose -s = -10*l + 63. Calculate the greatest common factor of 50 and l.
10
Let k = -853 + 913. Suppose 10 + 2 = -3*s. Let f be 88/3 - s/6. Calculate the highest common divisor of f and k.
30
Let w be -10*(2 + -6 + 3). Suppose 64 = w*z - 8*z. What is the greatest common factor of 48 and z?
16
Suppose -s = -6*s + 5*n + 780, -4*s = 4*n - 656. Let u = 66 - 57. Suppose -u*q + 5 + 283 = 0. What is the highest common divisor of s and q?
32
Let l be (-126)/(-12) - (-2)/(-4). Let o be 1/3 + (-24)/(-9). Let c = l - o. Calculate the highest common divisor of 77 and c.
7
Let o be (-644)/(-184)*456/7. What is the greatest common divisor of 156 and o?
12
Let i(f) = -2*f + 43. Let c be i(20). Suppose -4*l + c*l - 15 = -z, 2*z - 5*l = 36. What is the greatest common divisor of 65 and z?
13
Suppose -174 = -5*q + 4*p + 96, 5*q - 270 = p. Let z be 2/4 + q/12. Suppose 0 = -z*d + 27 + 3. What is the greatest common factor of 3 and d?
3
Let n = 19 + 27. Suppose 0 = 2*r - 74 - n. Let u be (0 - 2/(-4))*r. Calculate the greatest common divisor of u and 270.
30
Let l(k) = -15*k**2 + 11*k + 43. Let b(m) = -7*m**2 + 6*m + 21. Let c(z) = -5*b(z) + 2*l(z). Let p be c(-6). What is the highest common divisor of p and 11?
11
Let j(a) = a**2 + 12*a - 27. Let d be j(-12). Let u = d - -59. Calculate the greatest common divisor of 8 and u.
8
Let a be -3*-3*1/18*80. What is the highest common factor of 35 and a?
5
Let t be ((-15)/10)/3*-516. Let b(o) = -17*o**2 - 3*o - 4. Let h be b(-3). Let g = h + t. What is the greatest common factor of 44 and g?
22
Suppose -2*h + 18 = -c - 7, 2*h + 2*c - 16 = 0. Let m = 42 + -91. Let v = 39 - m. What is the greatest common divisor of h and v?
11
Let h(m) = 2*m**2 - m + 3. Let t be h(-3). Suppose 3*x + 13 - 3 = i, 2*x + 2 = 0. Let d = 67 - i. Calculate the highest common factor of t and d.
12
Let l be (-1 - 39/(-21))*(61 + 9). What is the highest common divisor of 360 and l?
60
Let h = -420 + 635. What is the highest common factor of 43 and h?
43
Suppose -5*x + 29 = -o, -3*o = 5*x - 5 - 8. Suppose 0 = -4*k - u + 308, -9*k + 7*k + x*u = -176. Calculate the greatest common divisor of k and 6.
6
Let c be -1 + 3 - (-32)/1. Let a = c + 146. What is the greatest common divisor of 20 and a?
20
Let y = -494 + 516. What is the greatest common divisor of y and 319?
11
Suppose 20*k = 25*k - 235. Calculate the greatest common divisor of 893 and k.
47
Let d be 71/284 + (-23)/(-4). Calculate the greatest common divisor of d and 66.
6
Let v be (46/10 + -4)*5. Suppose v*p + 2*p - 480 = 0. What is the greatest common factor of p and 12?
12
Let w(o) = -31*o + 6. Let v be w(0). What is the highest common divisor of v and 48?
6
Let t(i) = i**3 + 4*i**2 - 6*i + 7. Let w be t(3). Let p(g) = 17*g - 6. Let v be p(8). Calculate the highest common divisor of w and v.
26
Let b = 116 + -61. Let l(h) = -h**2 - 12*h - 4 + 26 + 0*h + 5*h. Let f be l(-7). What is the highest common divisor of f and b?
11
Let a be (-2228)/(-20) - 9/(-15). Suppose -a = -3*c - i, -5*c - 4*i + 200 = i. What is the greatest common divisor of c and 24?
12
Let g(n) = n**2 + 10*n + 12. Let p be g(-9). Let h = p + -1. Suppose 0 = -w + h*w - 5*y + 5, 5*y = -5*w + 95. Calculate the highest common factor of w and 45.
